s digit of 2360888?
0
What is the units digit of 4469894?
4
What is the hundred thousands digit of 1334635?
3
What is the units digit of 767263?
3
What is the millions digit of 6384764?
6
What is the thousands digit of 337108?
7
What is the units digit of 816676?
6
What is the hundreds digit of 860028?
0
What is the hundreds digit of 13768970?
9
What is the hundreds digit of 4857?
8
What is the hundreds digit of 633948?
9
What is the units digit of 202765?
5
What is the units digit of 489982?
2
What is the millions digit of 12905151?
2
What is the tens digit of 1666608?
0
What is the hundreds digit of 611208?
2
What is the hundred thousands digit of 6905731?
9
What is the units digit of 4277191?
1
What is the ten thousands digit of 2101522?
0
What is the tens digit of 328608?
0
What is the ten thousands digit of 574869?
7
What is the ten thousands digit of 1343833?
4
What is the hundred thousands digit of 614505?
6
What is the hundreds digit of 684844?
8
What is the thousands digit of 724933?
4
What is the tens digit of 7198947?
4
What is the ten thousands digit of 8373645?
7
What is the ten thousands digit of 556342?
5
What is the hundred thousands digit of 101749?
1
What is the ten thousands digit of 1064732?
6
What is the hundred thousands digit of 5182699?
1
What is the tens digit of 24535363?
6
What is the units digit of 779187?
7
What is the tens digit of 356656?
5
What is the tens digit of 24948546?
4
What is the hundreds digit of 1412870?
8
What is the hundred thousands digit of 971171?
9
What is the millions digit of 5342938?
5
What is the units digit of 2400125?
5
What is the units digit of 958057?
7
What is the hundreds digit of 2290935?
9
What is the hundred thousands digit of 16914027?
9
What is the units digit of 267260?
0
What is the hundred thousands digit of 10107088?
1
What is the tens digit of 727664?
6
What is the thousands digit of 191168?
1
What is the hundreds digit of 1186191?
1
What is the thousands digit of 1743080?
3
What is the hundreds digit of 27588370?
3
What is the millions digit of 1428556?
1
What is the hundred thousands digit of 2703624?
7
What is the hundred thousands digit of 197758?
1
What is the hundred thousands digit of 741338?
7
What is the thousands digit of 890808?
0
What is the hundreds digit of 458034?
0
What is the hundred thousands digit of 321881?
3
What is the ten thousands digit of 482339?
8
What is the thousands digit of 3564383?
4
What is the ten thousands digit of 3947964?
4
What is the millions digit of 4559017?
4
What is the ten thousands digit of 11536419?
3
What is the hundreds digit of 44595?
5
What is the ten thousands digit of 2517603?
1
What is the hundred thousands digit of 3299609?
2
What is the tens digit of 199984?
8
What is the thousands digit of 416383?
6
What is the ten thousands digit of 3074326?
7
What is the tens digit of 20579075?
7
What is the millions digit of 18771290?
8
What is the millions digit of 2840242?
2
What is the hundred thousands digit of 176959?
1
What is the hundred thousands digit of 614275?
6
What is the tens digit of 1279260?
6
What is the thousands digit of 5957662?
7
What is the thousands digit of 17487?
7
What is the units digit of 581675?
5
What is the thousands digit of 158532?
8
What is the hundreds digit of 38599004?
0
What is the units digit of 458809?
9
What is the hundred thousands digit of 765925?
7
What is the units digit of 8437480?
0
What is the units digit of 2796096?
6
What is the tens digit of 93117?
1
What is the hundred thousands digit of 2943882?
9
What is the ten thousands digit of 1285165?
8
What is the ten thousands digit of 210206?
1
What is the hundred thousands digit of 3277825?
2
What is the ten thousands digit of 229040?
2
What is the hundred thousands digit of 22666489?
6
What is the hundreds digit of 11424442?
4
What is the tens digit of 255439?
3
What is the units digit of 309421?
1
What is the thousands digit of 34207?
4
What is the hundred thousands digit of 1795786?
7
What is the hundred thousands digit of 277019?
2
What is the ten thousands digit of 2458117?
5
What is the ten thousands digit of 3777720?
7
What is the tens digit of 1904952?
5
What is the units digit of 110645?
5
What is the tens digit of 482537?
3
What is the units digit of 25684390?
0
What is the tens digit of 4534333?
3
What is the hundred thousands digit of 1388215?
3
What is the ten thousands digit of 2855557?
5
What is the hundred thousands digit of 5368956?
3
What is the ten thousands digit of 472766?
7
What is the hundred thousands digit of 111392?
1
What is the ten thousands digit of 466428?
6
What is the hundreds digit of 195361?
3
What is the hundred thousands digit of 9426890?
4
What is the tens digit of 3196826?
2
What is the hundred thousands digit of 1263558?
2
What is the hundred thousands digit of 389323?
3
What is the hundreds digit of 2557259?
2
What is the millions digit of 8804941?
8
What is the millions digit of 3112215?
3
What is the hundreds digit of 299459?
4
What is the units digit of 5614456?
6
What is the hundreds digit of 27860122?
1
What is the hundreds digit of 4500120?
1
What is the tens digit of 639929?
2
What is the thousands digit of 1678665?
8
What is the hundreds digit of 24752034?
0
What is the hundreds digit of 19835?
8
What is the hundreds digit of 187629?
6
What is the ten thousands digit of 696247?
9
What is the thousands digit of 518275?
8
What is the tens digit of 1523301?
0
What is the tens digit of 31149?
4
What is the hundreds digit of 22446102?
1
What is the hundreds digit of 70952?
9
What is the thousands digit of 958709?
8
What is the hundreds digit of 1828080?
0
What is the units digit of 2312347?
7
What is the units digit of 1253324?
4
What is the thousands digit of 1756597?
6
What is the tens digit of 1489730?
3
What is the ten thousands digit of 290151?
9
What is the millions digit of 22292849?
2
What is the ten thousands digit of 20371?
2
What is the hundreds digit of 811549?
5
What is the hundreds digit of 17766?
7
What is the tens digit of 2137060?
6
What is the tens digit of 430321?
2
What is the thousands digit of 15221697?
1
What is the tens digit of 331572?
7
What is the tens digit of 185854?
5
What is the millions digit of 1294347?
1
What is the millions digit of 10438968?
0
What is the hundreds digit of 97430?
4
What is the hundreds digit of 1545071?
0
What is the units digit of 292389?
9
What is the hundred thousands digit of 967555?
9
What is the ten millions digit of 15479186?
1
What is the thousands digit of 354802?
4
What is the ten thousands digit of 2314350?
1
What is the units digit of 772137?
7
What is the thousands digit of 126342?
6
What is the tens digit of 19152025?
2
What is the thousands digit of 30680577?
0
What is the units digit of 234297?
7
What is the tens digit of 9736012?
1
What is the hundred thousands digit of 3860298?
8
What is the thousands digit of 1019868?
9
What is the units digit of 181639?
9
What is the hundreds digit of 1717184?
1
What is the tens digit of 521252?
5
What is the hundreds digit of 934859?
8
What is the hundreds digit of 284614?
6
What is the ten thousands digit of 26352?
2
What is the thousands digit of 1808257?
8
What is the thousands digit of 347580?
7
What is the thousands digit of 192171?
2
What is the ten thousands digit of 12525039?
2
What is the hundreds digit of 6124499?
4
What is the millions digit of 30783405?
0
What is the tens digit of 529645?
4
What is the hundred thousands digit of 23396959?
3
What is the thousands digit of 687270?
7
What is the tens digit of 245185?
8
What is the hundred thousands digit of 2155757?
1
What is the tens digit of 226850?
5
What is the units digit of 2860482?
2
What is the units digit of 942394?
4
What is the units digit of 3356795?
5
What is the ten thousands digit of 23402308?
0
What is the millions digit of 1843852?
1
What is the units digit of 11107?
7
What is the thousands digit of 9119440?
9
What is the tens digit of 130655?
5
What is the units digit of 2143850?
0
What is the units digit of 8945527?
7
What is the tens digit of 203853?
5
What is the thousands digit of 20117?
0
What is the hundred thousands digit of 25665710?
6
What is the units digit of 909315?
5
What is the hundred thousands 